{"id":44,"date":"2013-09-03T16:07:36","date_gmt":"2013-09-03T16:07:36","guid":{"rendered":"http:\/\/dj-kaiserslautern.de\/?page_id=44"},"modified":"2018-08-16T22:56:29","modified_gmt":"2018-08-16T22:56:29","slug":"impressum","status":"publish","type":"page","link":"https:\/\/www.dj-kaiserslautern.de\/?page_id=44","title":{"rendered":"Impressum"},"content":{"rendered":"<p>Verantwortlich f\u00fcr den Inhalt der Seite:<\/p>\n<p><a href=\"https:\/\/www.dj-kaiserslautern.de\/wp-content\/uploads\/2013\/09\/impressum.jpg\"><img loading=\"lazy\" decoding=\"async\" class=\"alignleft size-full wp-image-69\" src=\"https:\/\/www.dj-kaiserslautern.de\/wp-content\/uploads\/2013\/09\/impressum.jpg\" alt=\"\" width=\"195\" height=\"84\" \/><\/a><\/p>\n<p>&nbsp;<\/p>\n<p>&nbsp;<\/p>\n<p>&nbsp;<\/p>\n<p>Die vorliegenden Inhalte des Internetauftritts von https:\/\/www.dj-kaiserslautern.de sind urheberrechtlich gesch\u00fctzt. Alle Rechte sind vorbehalten. Die Verwendung der Texte und Abbildungen ohne die vorherige schriftliche Zustimmung sind gegen die Bestimmungen des Urheberrechts und damit rechtswidrig.<\/p>\n<p>Der Betreiber dieser Homepage ist stets bem\u00fcht, auf diesem Internetauftritt aktuelle und vollst\u00e4ndige Informationen bereitzustellen. Eine Haftung f\u00fcr die Richtigkeit und Vollst\u00e4ndigkeit der Inhalte wird nicht \u00fcbernommen. Der Betreiber \u00fcbernimmt keine Haftung f\u00fcr Inhalte auf unmittelbar von diesem Internetauftritt verlinkten Sites. Eine Verantwortung f\u00fcr eventuell direkt oder indirekt entstandene Sch\u00e4den durch Inhalte auf unmittelbar von diesem Internetauftritt verlinkten Sites ist ausgeschlossen.<\/p>\n","protected":false},"excerpt":{"rendered":"<p>Verantwortlich f\u00fcr den Inhalt der Seite: &nbsp; &nbsp; &nbsp; Die vorliegenden Inhalte des Internetauftritts von https:\/\/www.dj-kaiserslautern.de sind urheberrechtlich gesch\u00fctzt. Alle Rechte sind vorbehalten. Die Verwendung der Texte und Abbildungen ohne die vorherige schriftliche Zustimmung sind gegen die Bestimmungen des Urheberrechts und damit rechtswidrig. Der Betreiber dieser Homepage ist stets bem\u00fcht, auf diesem Internetauftritt aktuelle und&hellip;<\/p>\n","protected":false},"author":1,"featured_media":0,"parent":0,"menu_order":0,"comment_status":"closed","ping_status":"closed","template":"","meta":{"footnotes":""},"class_list":["post-44","page","type-page","status-publish","hentry","no-post-thumbnail","post-grid-3-col","entry"],"_links":{"self":[{"href":"https:\/\/www.dj-kaiserslautern.de\/index.php?rest_route=\/wp\/v2\/pages\/44","targetHints":{"allow":["GET"]}}],"collection":[{"href":"https:\/\/www.dj-kaiserslautern.de\/index.php?rest_route=\/wp\/v2\/pages"}],"about":[{"href":"https:\/\/www.dj-kaiserslautern.de\/index.php?rest_route=\/wp\/v2\/types\/page"}],"author":[{"embeddable":true,"href":"https:\/\/www.dj-kaiserslautern.de\/index.php?rest_route=\/wp\/v2\/users\/1"}],"replies":[{"embeddable":true,"href":"https:\/\/www.dj-kaiserslautern.de\/index.php?rest_route=%2Fwp%2Fv2%2Fcomments&post=44"}],"version-history":[{"count":11,"href":"https:\/\/www.dj-kaiserslautern.de\/index.php?rest_route=\/wp\/v2\/pages\/44\/revisions"}],"predecessor-version":[{"id":373,"href":"https:\/\/www.dj-kaiserslautern.de\/index.php?rest_route=\/wp\/v2\/pages\/44\/revisions\/373"}],"wp:attachment":[{"href":"https:\/\/www.dj-kaiserslautern.de\/index.php?rest_route=%2Fwp%2Fv2%2Fmedia&parent=44"}],"curies":[{"name":"wp","href":"https:\/\/api.w.org\/{rel}","templated":true}]}}